e prime factors of 10921?
67, 163
List the prime factors of 520.
2, 5, 13
What are the prime factors of 24383?
37, 659
What are the prime factors of 113511?
3, 157, 241
List the prime factors of 33812.
2, 79, 107
List the prime factors of 15119.
13, 1163
What are the prime factors of 1685?
5, 337
List the prime factors of 777.
3, 7, 37
What are the prime factors of 4914?
2, 3, 7, 13
List the prime factors of 10612.
2, 7, 379
What are the prime factors of 26850?
2, 3, 5, 179
List the prime factors of 11643.
3, 3881
What are the prime factors of 819?
3, 7, 13
What are the prime factors of 14329?
7, 23, 89
List the prime factors of 10390.
2, 5, 1039
List the prime factors of 182562.
2, 3, 30427
What are the prime factors of 24517?
24517
List the prime factors of 780.
2, 3, 5, 13
What are the prime factors of 1549?
1549
What are the prime factors of 102?
2, 3, 17
List the prime factors of 63579.
3, 21193
List the prime factors of 63181.
23, 41, 67
List the prime factors of 4818.
2, 3, 11, 73
What are the prime factors of 15937?
15937
What are the prime factors of 27001?
13, 31, 67
What are the prime factors of 484?
2, 11
List the prime factors of 650.
2, 5, 13
List the prime factors of 1332.
2, 3, 37
List the prime factors of 2907.
3, 17, 19
What are the prime factors of 1318?
2, 659
List the prime factors of 440.
2, 5, 11
List the prime factors of 622.
2, 311
List the prime factors of 706.
2, 353
What are the prime factors of 6362?
2, 3181
What are the prime factors of 11257?
11257
What are the prime factors of 11450?
2, 5, 229
List the prime factors of 368.
2, 23
List the prime factors of 2884.
2, 7, 103
What are the prime factors of 1468?
2, 367
List the prime factors of 44051.
7, 29, 31
What are the prime factors of 4218?
2, 3, 19, 37
List the prime factors of 3587.
17, 211
List the prime factors of 8468.
2, 29, 73
What are the prime factors of 46890?
2, 3, 5, 521
What are the prime factors of 845?
5, 13
What are the prime factors of 6612?
2, 3, 19, 29
What are the prime factors of 2222?
2, 11, 101
List the prime factors of 7238.
2, 7, 11, 47
List the prime factors of 21216.
2, 3, 13, 17
List the prime factors of 62628.
2, 3, 17, 307
List the prime factors of 1234.
2, 617
List the prime factors of 1251.
3, 139
List the prime factors of 3630.
2, 3, 5, 11
What are the prime factors of 2893?
11, 263
List the prime factors of 1141.
7, 163
List the prime factors of 13410.
2, 3, 5, 149
List the prime factors of 40386.
2, 3, 53, 127
List the prime factors of 59902.
2, 61, 491
List the prime factors of 10299.
3, 3433
List the prime factors of 8087.
8087
List the prime factors of 7630.
2, 5, 7, 109
What are the prime factors of 47191?
41, 1151
What are the prime factors of 77340?
2, 3, 5, 1289
What are the prime factors of 14536?
2, 23, 79
List the prime factors of 645.
3, 5, 43
What are the prime factors of 855?
3, 5, 19
What are the prime factors of 878?
2, 439
What are the prime factors of 204?
2, 3, 17
What are the prime factors of 8548?
2, 2137
List the prime factors of 7827.
3, 2609
List the prime factors of 52781.
47, 1123
List the prime factors of 1133.
11, 103
List the prime factors of 1137.
3, 379
List the prime factors of 3742.
2, 1871
What are the prime factors of 68858?
2, 34429
List the prime factors of 31929.
3, 29, 367
List the prime factors of 24392.
2, 3049
List the prime factors of 12832.
2, 401
What are the prime factors of 29?
29
List the prime factors of 2442.
2, 3, 11, 37
What are the prime factors of 6344?
2, 13, 61
List the prime factors of 13524.
2, 3, 7, 23
List the prime factors of 10864.
2, 7, 97
What are the prime factors of 4634?
2, 7, 331
What are the prime factors of 5286?
2, 3, 881
What are the prime factors of 1651?
13, 127
What are the prime factors of 1950?
2, 3, 5, 13
What are the prime factors of 38219?
38219
List the prime factors of 6776.
2, 7, 11
List the prime factors of 1499.
1499
What are the prime factors of 16981?
16981
List the prime factors of 25462.
2, 29, 439
List the prime factors of 4807.
11, 19, 23
List the prime factors of 2162.
2, 23, 47
List the prime factors of 2209.
47
List the prime factors of 1677.
3, 13, 43
What are the prime factors of 118?
2, 59
List the prime factors of 7732.
2, 1933
What are the prime factors of 5886?
2, 3, 109
What are the prime factors of 2615?
5, 523
List the prime factors of 80252.
2, 20063
What are the prime factors of 20452?
2, 5113
List the prime factors of 22646.
2, 13, 67
List the prime factors of 1351.
7, 193
What are the prime factors of 55371?
3, 18457
What are the prime factors of 2371?
2371
What are the prime factors of 37152?
2, 3, 43
What are the prime factors of 25990?
2, 5, 23, 113
What are the prime factors of 2203?
2203
List the prime factors of 4555.
5, 911
List the prime factors of 987.
3, 7, 47
What are the prime factors of 48456?
2, 3, 673
List the prime factors of 1443.
3, 13, 37
What are the prime factors of 4367?
11, 397
What are the prime factors of 27513?
3, 1019
What are the prime factors of 7870?
2, 5, 787
List the prime factors of 284.
2, 71
What are the prime factors of 6578?
2, 11, 13, 23
List the prime factors of 9878.
2, 11, 449
List the prime factors of 2063.
2063
List the prime factors of 45977.
23, 1999
List the prime factors of 9279.
3, 1031
List the prime factors of 1518.
2, 3, 11, 23
What are the prime factors of 74379?
3, 24793
List the prime factors of 17091.
3, 211
List the prime factors of 2823.
3, 941
What are the prime factors of 4419?
3, 491
List the prime factors of 5767.
73, 79
What are the prime factors of 5197?
5197
List the prime factors of 6406.
2, 3203
List the prime factors of 451.
11, 41
List the prime factors of 25426.
2, 12713
List the prime factors of 469.
7, 67
List the prime factors of 11718.
2, 3, 7, 31
List the prime factors of 7579.
11, 13, 53
List the prime factors of 175.
5, 7
List the prime factors of 66469.
13, 5113
List the prime factors of 3325.
5, 7, 19
List the prime factors of 15384.
2, 3, 641
What are the prime factors of 4530?
2, 3, 5, 151
What are the prime factors of 7846?
2, 3923
What are the prime factors of 80649?
3, 29, 103
List the prime factors of 38258.
2, 11, 37, 47
List the prime factors of 88391.
157, 563
List the prime factors of 2033.
19, 107
List the prime factors of 2710.
2, 5, 271
List the prime factors of 18543.
3, 7, 883
List the prime factors of 1464.
2, 3, 61
What are the prime factors of 1612?
2, 13, 31
What are the prime factors of 486?
2, 3
List the prime factors of 9451.
13, 727
What are the prime factors of 17183?
17183
List the prime factors of 943.
23, 41
List the prime factors of 122351.
29, 4219
List the prime factors of 8993.
17, 23
List the prime factors of 1728.
2, 3
What are the prime factors of 309?
3, 103
List the prime factors of 1087.
1087
What are the prime factors of 4294?
2, 19, 113
What are the prime factors of 10084?
2, 2521
List the prime factors of 565.
5, 113
What are the prime factors of 988?
2, 13, 19
What are the prime factors of 15453?
3, 17, 101
What are the prime factors of 127?
127
What are the prime factors of 14854?
2, 7, 1061
What are the prime factors of 758?
2, 379
List the prime factors of 23469.
3, 7823
What are the prime factors of 19074?
2, 3, 11, 17
List the prime factors of 38.
2, 19
List the prime factors of 721.
7, 103
What are the prime factors of 158736?
2, 3, 3307
What are the prime factors of 15991?
15991
List the prime factors of 1634.
2, 19, 43
List the prime factors of 45860.
2, 5, 2293
What are the prime factors of 75131?
7, 10733
What are the prime factors of 2808?
2, 3, 13
List the prime factors of 30303.
3, 7, 13, 37
What are the prime factors of 1018?
2, 509
List the prime factors of 22627.
11, 17
What are the prime factors of 1033?
1033
List the prime factors of 58269.
3, 19423
List the prime factors of 44935.
5, 11, 19, 43
List the prime factors of 410.
2, 5, 41
List the prime factors of 522.
2, 3, 29
List the prime factors of 5853.
3, 1951
List the prime factors of 590.
2, 5, 59
What are the prime factors of 1836?
2, 3, 17
List the prime factors of 1431.
3, 53
What are the prime factors of 2911?
41, 71
What are the prime factors of 2183?
37, 59
List the prime factors of 801.
3, 89
List the prime factors of 1210